{"id":18,"date":"2017-11-03T19:39:54","date_gmt":"2017-11-03T16:39:54","guid":{"rendered":"http:\/\/alpenaks.com.tr\/site\/?page_id=18"},"modified":"2017-11-03T19:39:54","modified_gmt":"2017-11-03T16:39:54","slug":"alpenaks-hakkinda","status":"publish","type":"page","link":"http:\/\/alpenaks.com.tr\/site\/alpenaks-hakkinda\/","title":{"rendered":"ALPENAKS HAKKINDA"},"content":{"rendered":"<header>\n<h1 class=\"title\"><strong>HAKKIMIZDA<\/strong><\/h1>\n<\/header>\n<div class=\"content clearfix\">\n<p><strong>1999 y\u0131l\u0131nda kurulan firmam\u0131z, 2003 y\u0131l\u0131na gelindi\u011finde b\u00fcy\u00fcmenin \u015firketle\u015fme ile daha sa\u011fl\u0131kl\u0131 olaca\u011f\u0131na inanarak, \u015firketle\u015fmi\u015ftir. Kap\u0131 ve pencere sekt\u00f6r\u00fcnde d\u00fcnya ve \u00fclkemiz de ya\u015fanan t\u00fcm yenilik ve geli\u015fimleri yak\u0131ndan takip ederek, emin ve sa\u011fl\u0131kl\u0131 ad\u0131mlarla b\u00f6lgeler genelinde i\u015f ortaklar\u0131 ile yak\u0131n veya uzak mesafe ayr\u0131m\u0131 g\u00f6zetmeksizin, \u2018\u2019aksesuarda \u00e7\u00f6z\u00fcm ararken\u2019\u2019 slogan\u0131 ile do\u011fu dan g\u00fcneye bat\u0131 dan kuzeye, t\u00fcm i\u015f ortaklar\u0131 ve partnerleri ile sundu\u011fu h\u0131zl\u0131, g\u00fcvenilir ve ekonomik \u00e7al\u0131\u015fmay\u0131 ilke edinmi\u015ftir.ALPENAKS.LTD.\u015eT\u0130 teknolojik alt yap\u0131s\u0131, hizmet kalitesi, \u00fcr\u00fcn \u00e7e\u015fitlili\u011fi ve yenilikleri ile tercih edilen firma konumuna gelmi\u015ftir. Bug\u00fcn 25 \u00e7al\u0131\u015fan\u0131 ile, g\u00fcnl\u00fck \u015fehir i\u00e7i servisleri, haftal\u0131k ve 15 g\u00fcnl\u00fck \u015fehir d\u0131\u015f\u0131 pazarlama ve da\u011f\u0131t\u0131m ara\u00e7lar\u0131 ile, 24 saat \u00e7al\u0131\u015fan ambar ve kargolar vas\u0131tas\u0131 ile bir\u00e7ok ithalat ihracat\u00e7\u0131lar\u0131n ve \u00fcreticilerin b\u00fcnyesinde bulundurdu\u011fu yakla\u015f\u0131k 6500 \u00e7e\u015fit \u00fcr\u00fcn yelpazesine sahip olan firmam\u0131z, \u00fcr\u00fcn taleplerini m\u00fc\u015fterilerine ula\u015ft\u0131rmaktad\u0131r.<\/strong><\/p>\n<p><strong>Kuruldu\u011fu g\u00fcnden bug\u00fcne, kap\u0131 ve pencere sekt\u00f6r\u00fcndeki yenilikleri m\u00fc\u015fterilerinin hizmetine sunan Alpenaks, m\u00fc\u015fteri ihtiya\u00e7lar\u0131n\u0131 g\u00f6zeterek \u00e7al\u0131\u015fmalar\u0131na devam etmektedir. \u00c7al\u0131\u015fanlar\u0131ndan ald\u0131\u011f\u0131 g\u00fc\u00e7le m\u00fc\u015fterilerine kaliteli \u00fcr\u00fcn\u00fc, kaliteli hizmet ile en k\u0131sa s\u00fcrede vermeyi ilke edinmi\u015ftir. Varolu\u015f sebebini m\u00fc\u015fterilerine dayand\u0131ran firmam\u0131z m\u00fc\u015fterilerini s\u00fcrekli dinlemekte ve m\u00fc\u015fterilerin sorunlar\u0131n\u0131 \u00e7\u00f6zme gayreti ile \u00e7al\u0131\u015fmalar\u0131n\u0131 s\u00fcrd\u00fcrmektedir.<\/strong><\/p>\n<\/div>\n","protected":false},"excerpt":{"rendered":"<p>HAKKIMIZDA 1999 y\u0131l\u0131nda kurulan firmam\u0131z, 2003 y\u0131l\u0131na gelindi\u011finde b\u00fcy\u00fcmenin \u015firketle\u015fme ile daha sa\u011fl\u0131kl\u0131 olaca\u011f\u0131na inanarak, \u015firketle\u015fmi\u015ftir. Kap\u0131 ve pencere sekt\u00f6r\u00fcnde d\u00fcnya ve \u00fclkemiz de ya\u015fanan t\u00fcm yenilik ve geli\u015fimleri yak\u0131ndan takip ederek, emin ve sa\u011fl\u0131kl\u0131 ad\u0131mlarla b\u00f6lgeler genelinde i\u015f ortaklar\u0131 ile yak\u0131n veya uzak mesafe ayr\u0131m\u0131 g\u00f6zetmeksizin, \u2018\u2019aksesuarda \u00e7\u00f6z\u00fcm ararken\u2019\u2019 slogan\u0131 ile do\u011fu dan g\u00fcneye [&hellip;]<\/p>\n","protected":false},"author":1,"featured_media":0,"parent":0,"menu_order":0,"comment_status":"closed","ping_status":"closed","template":"","meta":[],"_links":{"self":[{"href":"http:\/\/alpenaks.com.tr\/site\/wp-json\/wp\/v2\/pages\/18"}],"collection":[{"href":"http:\/\/alpenaks.com.tr\/site\/wp-json\/wp\/v2\/pages"}],"about":[{"href":"http:\/\/alpenaks.com.tr\/site\/wp-json\/wp\/v2\/types\/page"}],"author":[{"embeddable":true,"href":"http:\/\/alpenaks.com.tr\/site\/wp-json\/wp\/v2\/users\/1"}],"replies":[{"embeddable":true,"href":"http:\/\/alpenaks.com.tr\/site\/wp-json\/wp\/v2\/comments?post=18"}],"version-history":[{"count":1,"href":"http:\/\/alpenaks.com.tr\/site\/wp-json\/wp\/v2\/pages\/18\/revisions"}],"predecessor-version":[{"id":19,"href":"http:\/\/alpenaks.com.tr\/site\/wp-json\/wp\/v2\/pages\/18\/revisions\/19"}],"wp:attachment":[{"href":"http:\/\/alpenaks.com.tr\/site\/wp-json\/wp\/v2\/media?parent=18"}],"curies":[{"name":"wp","href":"https:\/\/api.w.org\/{rel}","templated":true}]}}